{"id":857,"date":"2018-06-28T17:39:02","date_gmt":"2018-06-28T20:39:02","guid":{"rendered":"https:\/\/ifdcsierragrande-rng.infd.edu.ar\/sitio\/equipo-directivo\/"},"modified":"2026-03-09T17:11:07","modified_gmt":"2026-03-09T20:11:07","slug":"equipo-directivo","status":"publish","type":"page","link":"https:\/\/ifdcsierragrande-rng.infd.edu.ar\/sitio\/equipo-directivo\/","title":{"rendered":"Equipo Directivo"},"content":{"rendered":"\n<figure class=\"wp-block-table aligncenter is-style-stripes\"><table><tbody><tr><td class=\"has-text-align-right\" data-align=\"right\">Director<\/td><td>Carlos Alejandro, Olmedo  [ <a rel=\"noreferrer noopener\" href=\"https:\/\/accounts.google.com\/v3\/signin\/identifier?dsh=S-50099535%3A1670275649114541&amp;continue=https%3A%2F%2Fmail.google.com%2Fmail%2F&amp;rip=1&amp;sacu=1&amp;service=mail&amp;flowName=GlifWebSignIn&amp;flowEntry=ServiceLogin&amp;ifkv=ARgdvAu0ekEqhTkhxPbHNtn4GNi_ZwD21dzV4AW1l_YOqFWnbqLgxDJVpgEK6qUsZXtd8j5vRHBh\" target=\"_blank\">equipodirectivoifdcsg@gmail.com<\/a> ]<\/td><\/tr><tr><td class=\"has-text-align-right\" data-align=\"right\">Coord. Formaci\u00f3n Inicial<\/td><td>Mar\u00eda Celina, Martinez  [ <a rel=\"noreferrer noopener\" href=\"https:\/\/accounts.google.com\/v3\/signin\/identifier?dsh=S-50099535%3A1670275649114541&amp;continue=https%3A%2F%2Fmail.google.com%2Fmail%2F&amp;rip=1&amp;sacu=1&amp;service=mail&amp;flowName=GlifWebSignIn&amp;flowEntry=ServiceLogin&amp;ifkv=ARgdvAu0ekEqhTkhxPbHNtn4GNi_ZwD21dzV4AW1l_YOqFWnbqLgxDJVpgEK6qUsZXtd8j5vRHBh\" target=\"_blank\">departamentoformacionsg@gmail.com<\/a> ]<\/td><\/tr><tr><td class=\"has-text-align-right\" data-align=\"right\">Coord. Formaci\u00f3n Permanente<\/td><td>Rafael, Gonzalez  [ <a rel=\"noreferrer noopener\" href=\"https:\/\/accounts.google.com\/v3\/signin\/identifier?dsh=S-50099535%3A1670275649114541&amp;continue=https%3A%2F%2Fmail.google.com%2Fmail%2F&amp;rip=1&amp;sacu=1&amp;service=mail&amp;flowName=GlifWebSignIn&amp;flowEntry=ServiceLogin&amp;ifkv=ARgdvAu0ekEqhTkhxPbHNtn4GNi_ZwD21dzV4AW1l_YOqFWnbqLgxDJVpgEK6qUsZXtd8j5vRHBh\" target=\"_blank\">formacionpermanentecoord@gmail.com<\/a> ]<\/td><\/tr><tr><td class=\"has-text-align-right\" data-align=\"right\">Coord. de Investigaci\u00f3n y Extensi\u00f3n<\/td><td>Mar\u00eda Alejandra, Marin Aranda  [ <a rel=\"noreferrer noopener\" href=\"https:\/\/accounts.google.com\/v3\/signin\/identifier?dsh=S-50099535%3A1670275649114541&amp;continue=https%3A%2F%2Fmail.google.com%2Fmail%2F&amp;rip=1&amp;sacu=1&amp;service=mail&amp;flowName=GlifWebSignIn&amp;flowEntry=ServiceLogin&amp;ifkv=ARgdvAu0ekEqhTkhxPbHNtn4GNi_ZwD21dzV4AW1l_YOqFWnbqLgxDJVpgEK6qUsZXtd8j5vRHBh\" target=\"_blank\">coordinacioninvextifdc@gmail.com<\/a> ]<\/td><\/tr><tr><td class=\"has-text-align-right\" data-align=\"right\">Coord de Carrera Prof. de Educaci\u00f3n Inicial<\/td><td>Andrea Alejandra, Montes de Oca  [ <a rel=\"noreferrer noopener\" href=\"https:\/\/accounts.google.com\/v3\/signin\/identifier?dsh=S-50099535%3A1670275649114541&amp;continue=https%3A%2F%2Fmail.google.com%2Fmail%2F&amp;rip=1&amp;sacu=1&amp;service=mail&amp;flowName=GlifWebSignIn&amp;flowEntry=ServiceLogin&amp;ifkv=ARgdvAu0ekEqhTkhxPbHNtn4GNi_ZwD21dzV4AW1l_YOqFWnbqLgxDJVpgEK6qUsZXtd8j5vRHBh\" target=\"_blank\">coordinacioninicialifdc2021@gmail.com<\/a> ]<\/td><\/tr><tr><td class=\"has-text-align-right\" data-align=\"right\">Coord. de Carrera Prof. Educaci\u00f3n Primaria<\/td><td>Ricardo Ra\u00fal, Andrade  [ <a rel=\"noreferrer noopener\" href=\"https:\/\/accounts.google.com\/v3\/signin\/identifier?dsh=S-50099535%3A1670275649114541&amp;continue=https%3A%2F%2Fmail.google.com%2Fmail%2F&amp;rip=1&amp;sacu=1&amp;service=mail&amp;flowName=GlifWebSignIn&amp;flowEntry=ServiceLogin&amp;ifkv=ARgdvAu0ekEqhTkhxPbHNtn4GNi_ZwD21dzV4AW1l_YOqFWnbqLgxDJVpgEK6qUsZXtd8j5vRHBh\" target=\"_blank\">coordinacionprimariaifdcsg@gmail.com<\/a> ]<\/td><\/tr><\/tbody><\/table><\/figure>\n\n\n\n<p class=\"has-text-align-left\"><\/p>\n","protected":false},"excerpt":{"rendered":"<p>Director Carlos Alejandro, Olmedo [ equipodirectivoifdcsg@gmail.com ] Coord. Formaci\u00f3n Inicial Mar\u00eda Celina, Martinez [ departamentoformacionsg@gmail.com ] Coord. Formaci\u00f3n Permanente Rafael, Gonzalez [ formacionpermanentecoord@gmail.com ] Coord. de Investigaci\u00f3n y Extensi\u00f3n Mar\u00eda Alejandra, Marin Aranda [ coordinacioninvextifdc@gmail.com ] Coord de Carrera Prof. de Educaci\u00f3n Inicial Andrea Alejandra, Montes de Oca [ coordinacioninicialifdc2021@gmail.com ] Coord. de Carrera Prof. &#8230; <a title=\"Equipo Directivo\" class=\"read-more\" href=\"https:\/\/ifdcsierragrande-rng.infd.edu.ar\/sitio\/equipo-directivo\/\" aria-label=\"More on Equipo Directivo\">[+]<\/a><\/p>\n","protected":false},"author":16,"featured_media":0,"parent":0,"menu_order":0,"comment_status":"closed","ping_status":"closed","template":"","meta":[],"acf":[],"_links":{"self":[{"href":"https:\/\/ifdcsierragrande-rng.infd.edu.ar\/sitio\/wp-json\/wp\/v2\/pages\/857"}],"collection":[{"href":"https:\/\/ifdcsierragrande-rng.infd.edu.ar\/sitio\/wp-json\/wp\/v2\/pages"}],"about":[{"href":"https:\/\/ifdcsierragrande-rng.infd.edu.ar\/sitio\/wp-json\/wp\/v2\/types\/page"}],"author":[{"embeddable":true,"href":"https:\/\/ifdcsierragrande-rng.infd.edu.ar\/sitio\/wp-json\/wp\/v2\/users\/16"}],"replies":[{"embeddable":true,"href":"https:\/\/ifdcsierragrande-rng.infd.edu.ar\/sitio\/wp-json\/wp\/v2\/comments?post=857"}],"version-history":[{"count":25,"href":"https:\/\/ifdcsierragrande-rng.infd.edu.ar\/sitio\/wp-json\/wp\/v2\/pages\/857\/revisions"}],"predecessor-version":[{"id":5484,"href":"https:\/\/ifdcsierragrande-rng.infd.edu.ar\/sitio\/wp-json\/wp\/v2\/pages\/857\/revisions\/5484"}],"wp:attachment":[{"href":"https:\/\/ifdcsierragrande-rng.infd.edu.ar\/sitio\/wp-json\/wp\/v2\/media?parent=857"}],"curies":[{"name":"wp","href":"https:\/\/api.w.org\/{rel}","templated":true}]}}