{"id":848,"date":"2018-06-28T17:38:59","date_gmt":"2018-06-28T20:38:59","guid":{"rendered":"https:\/\/ifdcsierragrande-rng.infd.edu.ar\/sitio\/investigacion-y-extension\/"},"modified":"2021-10-24T04:25:38","modified_gmt":"2021-10-24T07:25:38","slug":"investigacion-y-extension","status":"publish","type":"page","link":"https:\/\/ifdcsierragrande-rng.infd.edu.ar\/sitio\/investigacion-y-extension\/","title":{"rendered":"Investigaci\u00f3n y Extensi\u00f3n"},"content":{"rendered":"<p>En el instituto se desarrollan proyectos y actividades de extensi\u00f3n, e investigaci\u00f3n, procurando que se relacionen con otras funciones de la instituci\u00f3n, como la formaci\u00f3n inicial y formaci\u00f3n permanente.<\/p>\n<p>La funci\u00f3n de extensi\u00f3n es definida por la Ley Org\u00e1nica de Educaci\u00f3n n\u00b0 4819 como \u201cOrientada a constituir a los Institutos de Formaci\u00f3n Docente continua de la provincia en centros did\u00e1cticos y pedag\u00f3gicos en los que se promueva el desarrollo de materiales did\u00e1cticos, de experiencias de innovaci\u00f3n; donde se promuevan relaciones democratizadoras del conocimiento que circula y se produce en ellos y donde se ejerzan acciones comunitarias tendientes a profundizar la justicia escolar en su zona de influencia\u201d.<\/p>\n<p>En tanto en esta misma normativa se define a la investigaci\u00f3n como \u201corientada a la construcci\u00f3n de nuevos conocimientos en tem\u00e1ticas vinculadas con la ense\u00f1anza, el trabajo y la formaci\u00f3n docente as\u00ed como de las principales problem\u00e1ticas educativas de la provincia\u201d.<\/p>\n","protected":false},"excerpt":{"rendered":"<p>En el instituto se desarrollan proyectos y actividades de extensi\u00f3n, e investigaci\u00f3n, procurando que se relacionen con otras funciones de la instituci\u00f3n, como la formaci\u00f3n inicial y formaci\u00f3n permanente. La funci\u00f3n de extensi\u00f3n es definida por la Ley Org\u00e1nica de Educaci\u00f3n n\u00b0 4819 como \u201cOrientada a constituir a los Institutos de Formaci\u00f3n Docente continua de &#8230; <a title=\"Investigaci\u00f3n y Extensi\u00f3n\" class=\"read-more\" href=\"https:\/\/ifdcsierragrande-rng.infd.edu.ar\/sitio\/investigacion-y-extension\/\" aria-label=\"More on Investigaci\u00f3n y Extensi\u00f3n\">[+]<\/a><\/p>\n","protected":false},"author":16,"featured_media":0,"parent":0,"menu_order":0,"comment_status":"closed","ping_status":"closed","template":"","meta":[],"acf":[],"_links":{"self":[{"href":"https:\/\/ifdcsierragrande-rng.infd.edu.ar\/sitio\/wp-json\/wp\/v2\/pages\/848"}],"collection":[{"href":"https:\/\/ifdcsierragrande-rng.infd.edu.ar\/sitio\/wp-json\/wp\/v2\/pages"}],"about":[{"href":"https:\/\/ifdcsierragrande-rng.infd.edu.ar\/sitio\/wp-json\/wp\/v2\/types\/page"}],"author":[{"embeddable":true,"href":"https:\/\/ifdcsierragrande-rng.infd.edu.ar\/sitio\/wp-json\/wp\/v2\/users\/16"}],"replies":[{"embeddable":true,"href":"https:\/\/ifdcsierragrande-rng.infd.edu.ar\/sitio\/wp-json\/wp\/v2\/comments?post=848"}],"version-history":[{"count":2,"href":"https:\/\/ifdcsierragrande-rng.infd.edu.ar\/sitio\/wp-json\/wp\/v2\/pages\/848\/revisions"}],"predecessor-version":[{"id":2111,"href":"https:\/\/ifdcsierragrande-rng.infd.edu.ar\/sitio\/wp-json\/wp\/v2\/pages\/848\/revisions\/2111"}],"wp:attachment":[{"href":"https:\/\/ifdcsierragrande-rng.infd.edu.ar\/sitio\/wp-json\/wp\/v2\/media?parent=848"}],"curies":[{"name":"wp","href":"https:\/\/api.w.org\/{rel}","templated":true}]}}