{"id":4483,"date":"2025-02-20T23:31:11","date_gmt":"2025-02-21T02:31:11","guid":{"rendered":"https:\/\/ifdcsierragrande-rng.infd.edu.ar\/sitio\/?page_id=4483"},"modified":"2025-02-21T00:15:47","modified_gmt":"2025-02-21T03:15:47","slug":"estudios-superiores-sin-secundario-completo-25-anos-o-mas","status":"publish","type":"page","link":"https:\/\/ifdcsierragrande-rng.infd.edu.ar\/sitio\/estudios-superiores-sin-secundario-completo-25-anos-o-mas\/","title":{"rendered":"Secundario Incompleto (25 a\u00f1os o m\u00e1s)"},"content":{"rendered":"\n<p><img decoding=\"async\" loading=\"lazy\" width=\"30\" height=\"30\" class=\"wp-image-4432\" style=\"width: 30px;\" src=\"https:\/\/ifdcsierragrande-rng.infd.edu.ar\/sitio\/wp-content\/uploads\/2025\/02\/image-2.png\" alt=\"\"> <strong><a rel=\"noreferrer noopener\" href=\"https:\/\/ifdcsierragrande-rng.infd.edu.ar\/sitio\/wp-content\/uploads\/2025\/02\/Resolucion-1594-17-estudiantes-25-anos-o-mas.pdf\" target=\"_blank\">Resoluci\u00f3n 1594-17 &#8211; (estudiantes 25 a\u00f1os o m\u00e1s)<\/a><\/strong><\/p>\n","protected":false},"excerpt":{"rendered":"<p>Resoluci\u00f3n 1594-17 &#8211; (estudiantes 25 a\u00f1os o m\u00e1s)<\/p>\n","protected":false},"author":16,"featured_media":0,"parent":0,"menu_order":0,"comment_status":"closed","ping_status":"closed","template":"","meta":[],"acf":[],"_links":{"self":[{"href":"https:\/\/ifdcsierragrande-rng.infd.edu.ar\/sitio\/wp-json\/wp\/v2\/pages\/4483"}],"collection":[{"href":"https:\/\/ifdcsierragrande-rng.infd.edu.ar\/sitio\/wp-json\/wp\/v2\/pages"}],"about":[{"href":"https:\/\/ifdcsierragrande-rng.infd.edu.ar\/sitio\/wp-json\/wp\/v2\/types\/page"}],"author":[{"embeddable":true,"href":"https:\/\/ifdcsierragrande-rng.infd.edu.ar\/sitio\/wp-json\/wp\/v2\/users\/16"}],"replies":[{"embeddable":true,"href":"https:\/\/ifdcsierragrande-rng.infd.edu.ar\/sitio\/wp-json\/wp\/v2\/comments?post=4483"}],"version-history":[{"count":5,"href":"https:\/\/ifdcsierragrande-rng.infd.edu.ar\/sitio\/wp-json\/wp\/v2\/pages\/4483\/revisions"}],"predecessor-version":[{"id":5500,"href":"https:\/\/ifdcsierragrande-rng.infd.edu.ar\/sitio\/wp-json\/wp\/v2\/pages\/4483\/revisions\/5500"}],"wp:attachment":[{"href":"https:\/\/ifdcsierragrande-rng.infd.edu.ar\/sitio\/wp-json\/wp\/v2\/media?parent=4483"}],"curies":[{"name":"wp","href":"https:\/\/api.w.org\/{rel}","templated":true}]}}