{"id":2305,"date":"2020-09-17T10:22:29","date_gmt":"2020-09-17T13:22:29","guid":{"rendered":"https:\/\/ifdcsierragrande-rng.infd.edu.ar\/sitio\/?page_id=2305"},"modified":"2026-02-24T20:48:54","modified_gmt":"2026-02-24T23:48:54","slug":"videoconferencias-zoom","status":"publish","type":"page","link":"https:\/\/ifdcsierragrande-rng.infd.edu.ar\/sitio\/videoconferencias-zoom\/","title":{"rendered":"Zoom"},"content":{"rendered":"<p><a href=\"https:\/\/zoom.us\/\"><img decoding=\"async\" loading=\"lazy\" class=\"aligncenter wp-image-2306\" src=\"https:\/\/ifdcsierragrande-rng.infd.edu.ar\/sitio\/wp-content\/uploads\/2020\/09\/zoom-logo-transparent-6-1.png\" alt=\"\" width=\"351\" height=\"128\"><\/a><\/p>\n<p style=\"text-align: center;\">Zoom Video, tambi\u00e9n conocido como Zoom y Zoom App, es un programa de videollamadas y reuniones virtuales, accesible desde computadoras de escritorio, computadoras port\u00e1tiles, tel\u00e9fonos inteligentes y tabletas. Su fabricante es la empresa Zoom Video Communications, asentada en San Jos\u00e9, California.<\/p>\n<p>&nbsp;<\/p>\n<h3 style=\"text-align: center;\"><a href=\"https:\/\/zoom.us\/download#client_4meeting\" target=\"_blank\" rel=\"noopener\">Centro de descargas<\/a><\/h3>\n<h2 style=\"text-align: center;\"><\/h2>\n","protected":false},"excerpt":{"rendered":"<p>Zoom Video, tambi\u00e9n conocido como Zoom y Zoom App, es un programa de videollamadas y reuniones virtuales, accesible desde computadoras de escritorio, computadoras port\u00e1tiles, tel\u00e9fonos inteligentes y tabletas. Su fabricante es la empresa Zoom Video Communications, asentada en San Jos\u00e9, California. &nbsp; Centro de descargas<\/p>\n","protected":false},"author":16,"featured_media":0,"parent":0,"menu_order":0,"comment_status":"closed","ping_status":"closed","template":"","meta":[],"acf":[],"_links":{"self":[{"href":"https:\/\/ifdcsierragrande-rng.infd.edu.ar\/sitio\/wp-json\/wp\/v2\/pages\/2305"}],"collection":[{"href":"https:\/\/ifdcsierragrande-rng.infd.edu.ar\/sitio\/wp-json\/wp\/v2\/pages"}],"about":[{"href":"https:\/\/ifdcsierragrande-rng.infd.edu.ar\/sitio\/wp-json\/wp\/v2\/types\/page"}],"author":[{"embeddable":true,"href":"https:\/\/ifdcsierragrande-rng.infd.edu.ar\/sitio\/wp-json\/wp\/v2\/users\/16"}],"replies":[{"embeddable":true,"href":"https:\/\/ifdcsierragrande-rng.infd.edu.ar\/sitio\/wp-json\/wp\/v2\/comments?post=2305"}],"version-history":[{"count":11,"href":"https:\/\/ifdcsierragrande-rng.infd.edu.ar\/sitio\/wp-json\/wp\/v2\/pages\/2305\/revisions"}],"predecessor-version":[{"id":2686,"href":"https:\/\/ifdcsierragrande-rng.infd.edu.ar\/sitio\/wp-json\/wp\/v2\/pages\/2305\/revisions\/2686"}],"wp:attachment":[{"href":"https:\/\/ifdcsierragrande-rng.infd.edu.ar\/sitio\/wp-json\/wp\/v2\/media?parent=2305"}],"curies":[{"name":"wp","href":"https:\/\/api.w.org\/{rel}","templated":true}]}}